105/(-4412))*5?
2
Suppose 8 = j - m, -20 = -j + 2*m + 2*m. Suppose -j*p = i - p + 93, -6 = 2*p. Let f = i - -126. What is the tens digit of f?
4
Suppose 0 = -0*u - 2*u + 198. Let m = 46 + -24. What is the units digit of 3150/u + 4/m?
2
Suppose 0*w + r + 29 = 3*w, -19 = -3*w - 4*r. Suppose -5*l = 4*u - 25, -4*l + w*l - 25 = u. Let f = 45 + u. What is the tens digit of f?
4
Let s(d) be the first derivative of 2*d**2 + 15*d - 3. What is the tens digit of s(26)?
1
Let d = -194 + 573. What is the hundreds digit of d?
3
Let v(k) = -13*k + 15. Let z(y) = y + 2. Let b be z(-6). What is the tens digit of v(b)?
6
Suppose 0 = 2*b - 5*x - 2853, -4*b - x + 963 = -4776. What is the units digit of b/(-24)*2*-2?
9
Let c(p) = 459*p**2 - 2*p + 1. What is the units digit of c(1)?
8
Let u(s) = s**2 - 13*s - 10. Let b(a) = a**2 - 1. Let l(y) = -2*b(y) + u(y). Let w be l(-12). What is the tens digit of w*((-6)/(-4) - -2)?
1
Let c be -16*(1 + (-6)/(-3)). What is the units digit of (-15)/6*c/30?
4
Let g = -4092 - -6891. What is the hundreds digit of g?
7
Let g be (-5166)/(-98) - 2/(-7). Suppose -g = -p - 2*x, 4*x + 372 = 5*p + 135. What is the units digit of p?
9
Let m = 4 + -4. Suppose m*j + 12 = -2*j. What is the units digit of (-29 - -5)/(j/4)?
6
Let w(c) = -20*c**2 - 4*c - 2. Let j be w(-2). What is the tens digit of (j - 0 - 3)*(-5 + 4)?
7
Let t = -13 - -28. Let j = 19 - t. What is the units digit of 45/(2 - 2/j)?
0
Suppose 4*s + 5570 = 5*s. What is the tens digit of s?
7
What is the units digit of ((6 - 8) + 3)*1238?
8
Let f(w) = 3*w**3 - 4*w**2 - 5*w - 3. Let q be f(-2). Let j = 125 + q. What is the units digit of j?
2
Let y(v) = -v**2 - 11*v - 8. Let l be y(-10). Suppose -x + l = -2*j + 11, -5*x = -15. What is the units digit of j?
6
Let h = 108 + -61. Suppose -h = -w - 10. What is the tens digit of w?
3
Let j be 6/(-18)*6*-1. Let i = j + 163. What is the tens digit of i?
6
Let c = -4530 + 6552. What is the thousands digit of c?
2
What is the tens digit of 4 + (661 - (-6 + 1))?
7
Suppose -1114 = -7*f + 146. Suppose 5*n = 215 + f. What is the units digit of n?
9
Let o(p) = -p**3 - 16*p**2 - 9*p - 1. Let y be o(-15). Let h = 303 + -165. Let q = y + h. What is the units digit of q?
7
Suppose -2*k = -4*m - 1074, -m = -2*k + 4*m + 1079. What is the units digit of k?
7
Let x be (-2127)/15 - (-3)/(-15). Let y = -98 - x. What is the units digit of y/10 + 2/(-5)?
4
Let y be (15/6)/((-1)/(-2)). Let x(o) = o**3 - 5*o**2 + 5*o - 6. What is the units digit of x(y)?
9
Suppose 2*h = 3*s + 8, -2 = -h - 5*s + 2. Suppose 129 = -h*y + 685. What is the hundreds digit of y?
1
Suppose 2*o = 2*q + 442, -3*o + 4*q = -q - 669. What is the hundreds digit of o?
2
Let v(d) = -23*d - 38. Let n(t) = -46*t - 75. Let p(w) = -2*n(w) + 5*v(w). What is the tens digit of p(-13)?
5
Let x = -19 - -22. Suppose -70 = -x*j + 5*i, -4*i - 12 = -j + 23. What is the units digit of j?
5
Let s(r) = 6*r + 3. Let k be s(2). Suppose -20*i + k*i + 300 = 0. What is the tens digit of i?
6
Let h(q) = q**2 - 14*q + 24. What is the units digit of h(-27)?
1
Let a(j) = -2*j - 20. Let t be a(-11). What is the tens digit of (24 - 5)/(-1 + t)?
1
What is the tens digit of 1/(12675/87990 + 2/(-14))?
3
What is the tens digit of (-3168704)/(-880) + (6/5 - 1)?
0
Suppose -8428 = -5*d + 4*s, 5*s = -6*d + d + 8410. What is the tens digit of d?
8
Let j be ((-11)/110)/((-2)/4)*15. What is the units digit of (j/(-5))/(16/(-5360))?
1
Let v = -49 + 94. Suppose -w + 5*g - 42 = g, 2*w = -5*g - v. Let u = -15 - w. What is the units digit of u?
5
Suppose k - 5*z - 264 = 0, 4*k - 309 = -5*z + 797. What is the units digit of k?
4
Suppose -22*f + 26*f - 28 = 0. Let i = f - -9. Suppose -2*g = 3*b - i, -b + 6 = b - g. What is the units digit of b?
4
Let m = 9245 + -6379. What is the units digit of m?
6
What is the thousands digit of ((-872)/(-327))/(1/1209)?
3
What is the units digit of (-114)/(-3)*(-209)/(-19)?
8
Let y(d) = 2*d + 11. Let z be y(-4). Suppose z*h - 318 = -0*h + 3*l, -2*l + 220 = 2*h. What is the tens digit of h?
0
Let b be 2/3*(2 + 1). Suppose d - b*d + 1 = 0. Let m(q) = 33*q + 1. What is the units digit of m(d)?
4
Suppose 2*o + 11*t - 7*t - 898 = 0, 3*o + 2*t - 1331 = 0. What is the units digit of o?
1
Suppose 28*h - 26950 = 17*h. What is the units digit of h?
0
Let j = -91 + 154. Suppose j - 18 = -5*a. What is the tens digit of 20 - (-3)/(a/(-6))?
2
Let k(x) = 5292*x**2 + x + 6. What is the hundreds digit of k(-1)?
2
Suppose -3*v = -7*v + 100. Suppose -5*f = v, -n - 16 = -3*f - 89. What is the tens digit of n?
5
Let a(b) = -4*b + 19. Let x be a(-7). Let v(t) = -t**3 - 8*t**2 + 12*t + 6. Let q be v(-9). Let p = x + q. What is the tens digit of p?
2
What is the units digit of 4328/2 + 3 + -2 + -4?
1
Suppose q - 3*q = -308. Let o = q - 107. What is the tens digit of o?
4
Suppose 7*x + 260 = -160. What is the tens digit of 15472/60 - 8/x?
5
Let s be ((-5792)/(-48))/(4/6). Suppose -5*a + 215 = -3*z, 3*z = -5*a + s + 4. What is the units digit of ((-24)/(-10))/(16/a)?
6
What is the hundreds digit of 182/728 + -5*(-271)/4?
3
Let i = -360 - -515. What is the tens digit of i?
5
Suppose 2*c - i = 1356, 0 = -3*c - 2*i - 0*i + 2041. What is the tens digit of c?
7
Let r(o) = o. Let x(f) = 16*f - 9. Let d(n) = -4*r(n) + x(n). Suppose -2*y + 0*y = -q - 8, -5*y - 4*q = -20. What is the tens digit of d(y)?
3
Suppose 19*z - 1902 = 13*z. What is the tens digit of z?
1
Let o(k) = k**2 + 12*k - 107. What is the tens digit of o(10)?
1
Suppose -h - 2*s + 32 = -s, -3*s = -h + 28. What is the tens digit of h?
3
Let h(g) = -189*g**3 + 7*g + 17. What is the tens digit of h(-2)?
1
Let r = 1631 + -688. What is the tens digit of r?
4
Let m = -239 - -14. Let t = 398 + m. What is the units digit of t?
3
Let o = -1070 + 3016. What is the units digit of o?
6
Suppose 4*n + 5*a = 3933, 41*a - 46*a = -4*n + 3923. What is the hundreds digit of n?
9
Let j be (-25)/(-15)*3 + -4. Let d(o) = 136*o**2 - o + 2. What is the tens digit of d(j)?
3
Let p(w) = w + 4. Let m be p(-12). Let r = 7 + m. What is the units digit of r - (-25 - (0 + -3))?
1
Let b(y) = y**3 + 2*y**2 - 2*y + 4. Let w be b(-3). Suppose -w + 3 = x. Suppose -28 = -x*k - 2*j + 3*j, -4*k = -j - 60. What is the tens digit of k?
1
Let z(w) be the third derivative of w**4/12 - 11*w**3/6 + 4*w**2. Let b be z(8). Suppose b*q = -97 + 242. What is the units digit of q?
9
Let b(q) = q**2 - 22*q + 60. What is the tens digit of b(-19)?
3
Let h(c) = 3279*c**2 - 4*c + 5. What is the tens digit of h(1)?
8
What is the units digit of (-26 - 8)/((-1)/32)?
8
Suppose 380 = 10*u - 5*u. Let x = u + -7. What is the tens digit of x?
6
Let u = -2197 - -4677. What is the hundreds digit of u?
4
Let s(m) = m**3 - 10*m**2 + 11*m - 22. Let p be s(9). Let w be (10/(-15))/(p/(-30)). Let q(x) = -4*x + 3. What is the units digit of q(w)?
3
Let n(s) = s**3 + 7*s**2 - 2*s - 8. Let c be n(-7). Suppose -c*d = -d + 32700. What is the units digit of d/(-96) + (-1)/8?
8
Let l be (-2)/(-4) + 107/2. Suppose -48*u + 50*u + 5*o = 227, -5*u + 5*o = -550. Let p = u - l. What is the tens digit of p?
5
Let o(f) = f**3 - 56*f**2 + 53*f + 260. What is the tens digit of o(55)?
5
Suppose 0 = -l - 4*l. Suppose 6*o - 3*o - 6 = l. What is the tens digit of 1*(o + -5) + 20?
1
Suppose -2*j = -423 - 379. What is the tens digit of j?
0
Suppose 2*v + 10 = 0, -3*o - 3*v + 0*v - 51 = 0. What is the units digit of ((-15)/10)/(o/376)?
7
Suppose 5*f - 109 = -49. What is the hundreds digit of 5010/f*2/5?
1
Let h = 279 - -31. What is the units digit of h?
0
Let p(g) = 34*g**2 + 4*g - 32. What is the hundreds digit of p(5)?
8
Let j = 22 + -16. Let t be (0 - 0)*(-6)/j. Suppose t = s - 23 - 22. What is the tens digit of s?
4
Let r(a) = -6*a - 3. Let b(x) = -8*x - 1. Let p(t) = -9*t - 2. Let q(c) = 4*b(c) - 5*p(c). Let y(i) = 3*q(i) + 7*r(i). What is the units digit of y(-4)?
9
Let t be (5/3)/(((-65)/(-30))/13). Let r(u) = u**2 - 2*u - 4. What is the units digit of r(t)?
6
Suppose h - 3*i = -373, -5*h + h - 4*i = 1508. What is the units digit of 2/9 + h/(-9)?
2
Let c be (3 + (-2)/4)*2. Suppose 2*n + c*n = 574. What is the tens digit of n?
8
Suppose -3 = 2*z - 1. Let t be 1 - (2 + z - 6). Suppose 0 = -3*i - t + 39. What is the tens digit of i?
1
Suppose 5*p - 7*p = c 